What is the tens digit of y(z)?
2
Let s be 285/90 - 2/12. Suppose 0 = -4*q, 3324 = 4*m - q - s*q. What is the tens digit of m?
3
Suppose -44 = -12*c + c. Suppose -2*k - 5*n + 1224 = 258, -c*k = -5*n - 1902. What is the units digit of k?
8
Let k = -73 + 80. Let b be (-218 + k)*(0 - -1). Let o = b - -359. What is the units digit of o?
8
Suppose 3*a - 2*w - 3475 = 0, -3476 = -3*a + 7*w - 6*w. Suppose a + 1325 = 9*v. Suppose -v - 450 = -3*d. What is the hundreds digit of d?
2
Let p(o) = 5*o + 99 + 4*o - 4*o. Let z = -3697 - -3697. What is the units digit of p(z)?
9
What is the thousands digit of (-862198)/(-25) + 790/9875?
4
Let c(g) = -g**3 + 7*g**2 + 8*g + 1. Let r be ((-5)/(-1))/25 - (-78)/10. Let a be c(r). Let s(o) = 137*o + 2. What is the tens digit of s(a)?
3
Let q(z) = -z**3 - 8*z**2 + 20*z + 3. Let w be q(-10). Suppose w*t = -2*p + 3874, -12*t + 8*t + 5160 = 4*p. What is the thousands digit of t?
1
Let q(z) = 25*z - 6. Let m be q(3). Let f = m + -99. What is the units digit of (f + 2 + 0)*-1?
8
Suppose 3*n = -9 + 18, n + 1557 = 4*a. Suppose q - 653 + a = 0. What is the hundreds digit of q?
2
Let z(c) = 176*c**2 + 4495*c + 4488*c - 8982*c. Let d = -1 - 0. What is the tens digit of z(d)?
7
Let a be (-138)/(-5)*320/((-112)/14). Let l = 1546 + a. What is the tens digit of l?
4
Let q = 26 - 24. Let l = 5 - q. Let d(f) = 53*f - 13. What is the hundreds digit of d(l)?
1
What is the ten thousands digit of -1 + (-4 + -1)*((-3757897)/55)/11?
3
Suppose d = 183 + 181. Suppose -3*w + 718 = 2*i, d = i + 4*w - 0*w. What is the units digit of i?
6
Suppose 3*h - 2353 = 5*z, 4*h - 3140 = 4*z - 0*z. Suppose 3*s - 150 - h = 0. What is the hundreds digit of s?
3
Suppose -15*a + 3*a = 7716. Let u = 1594 + a. Suppose 2*l = -5*m + u, m - 4*l = -m + 390. What is the hundreds digit of m?
1
Let i be 4/(-6)*21/(-7). Suppose 2*y = -4*b - 2*y + 28, 5*b - 14 = i*y. Suppose 2*s + 3*w = 34, -b*s + w + 72 = 6*w. What is the units digit of s?
3
Let g = -30 + 58. Let y be -6*((-22)/g - 28/(-98)). Suppose -3*k + 518 = 5*w, y*k + 102 = w + 4*k. What is the hundreds digit of w?
1
Let a(c) = -c**3 + 11*c**2 - 15*c - 10. Let o be a(8). Let v(d) = -d**2 - d + 14. Let z be v(7). Let p = z + o. What is the units digit of p?
0
Suppose 0 = 45*k - 191598 + 40965 - 77877. What is the tens digit of k?
7
Let w(j) = 4*j + 22. Let k(o) = o**3 + 17*o**2 - 3*o - 9. Let a be k(-17). Suppose 2*y - 4*z - 18 = -2*z, -z - a = -4*y. What is the units digit of w(y)?
6
Let y = -2006 + 2619. What is the units digit of y?
3
Let p be 2*1*40/(-20). Let n(o) = -21*o**2 - 3*o. Let x be n(p). Let a = 480 + x. What is the tens digit of a?
5
What is the thousands digit of ((-6)/4)/(24/128) - (-15438)/6?
2
Let c(f) = f**2 + 5*f + 3*f**3 - 33 - 19*f - 47 + f**2 + 63. What is the tens digit of c(4)?
5
Suppose 5*n - 1314 = 3*n. Suppose 0 = -m + 6*m - 4*g - n, g = m - 131. Suppose 2*q - 223 = -3*q - 4*l, m = 3*q + 2*l. What is the units digit of q?
3
Suppose 4*c - 5*c = -4*m + 24001, 18004 = 3*m - 4*c. Suppose -5*w + m = 15*w. What is the tens digit of w?
0
Suppose -8*d = -3*d - 5400. Suppose -7*v + d + 26 = 0. Let u = v + -69. What is the tens digit of u?
8
Let h = 60 + -60. Suppose h = 9*k - 5*k - 1448. Let r = 523 - k. What is the tens digit of r?
6
Suppose -8125 = -3*y - 4*o, 5*y - 13595 = -0*y + 4*o. What is the units digit of y?
5
Let b be (6 + -6)*(-3)/(-6). Suppose -3*s + b*x = -x - 134, -5*s + 205 = 2*x. Let t = 64 + s. What is the hundreds digit of t?
1
Let z be (10/(-3))/(6/(-9)). Let q = -23 - -39. Suppose -g - m + q = -2, z*g - m - 60 = 0. What is the tens digit of g?
1
Let t be -2 + 6 + -8 + 312. Suppose -t = -2*d - 4*y, 2*d = 5*y + 278 + 39. What is the tens digit of d?
5
Let x(n) = n**3 - 7*n**2 + n + 22. Let j be x(6). What is the units digit of 60/j*6*(-10)/75?
6
Let u be (-16)/((-8)/(-4)*-1). Suppose 0 = -3*v - u + 20. Suppose -3*l + 609 = -4*w, -l = -4*l - v*w + 633. What is the units digit of l?
7
Let x(y) = -y**3 + y**2 + 7*y + 7. Let o be x(-2). What is the tens digit of 5268/14 + ((-60)/42)/o?
7
Suppose -215412 - 203 = -29*i. What is the units digit of i?
5
Suppose -66*h - 107070 = -96*h. What is the tens digit of h?
6
Let s = -356 - -314. Let f be (29 - 3/3)/(-1). Let a = f - s. What is the tens digit of a?
1
Let q(a) = -4*a**2 - 18*a - 9. Let t(h) = -h**2 + 1. Let v(o) = q(o) - 3*t(o). Let d(z) = z**2 - 5*z - 46. Let y be d(-4). What is the tens digit of v(y)?
6
Suppose -15*x - 14878 = 21*x - 139510. What is the hundreds digit of x?
4
Suppose -4*x + 10 = -9*x, 2*o + 6 = x. What is the hundreds digit of o/(-26) - (-13 + (-47568)/78)?
6
Let r be (594/8)/((-39)/104). Let h = 119 + r. Let q = 153 + h. What is the tens digit of q?
7
Suppose -8*a + 196735 = 28*a - 31*a. What is the hundreds digit of a?
3
Suppose -h - 2 = 0, -2*h + 24406 = 4*a - 5*h. What is the hundreds digit of a?
1
Let x = 2 + 37. Suppose -42*q + 1788 = -x*q. What is the units digit of q?
6
Suppose 12033 = 2*c + 4*i - 2771, 2*c - 14810 = -3*i. What is the tens digit of c?
1
Let c be (-2)/(-16) - (-152438)/208. Suppose -c = 3*a - 3655. What is the hundreds digit of a?
9
Let v(r) be the second derivative of -r**3/2 - 19*r**2/2 + 2*r. Let f be v(-9). Suppose -f*k = -11*k + 207. What is the units digit of k?
9
Suppose -10*v + 6965 = -15*v. Let h = v - -2062. What is the units digit of h?
9
What is the tens digit of (17782 - 40/4) + 0?
7
Let a(f) = -f**3 - 18*f**2 - 23*f - 40. Let l be a(-17). Suppose l*b + 1286 = 64*b. What is the hundreds digit of b?
6
Let w be -4*(-3)/12 + -2 - 2. Let v(y) = -203*y - 27. What is the tens digit of v(w)?
8
Suppose -2*n = n - 3*f - 2316, 3*f = -4*n + 3081. Let b = n - 334. What is the hundreds digit of b?
4
Let w(y) = 33*y**2. Let z be w(-2). Let n(m) = m**3 + 14 + 2*m**2 - 134*m + 18*m**2 + z*m. What is the tens digit of n(-20)?
5
Suppose -23 = 11*o - 78. Suppose 2*x = 4*a + 768, 0 = 2*x + x - o*a - 1148. What is the units digit of x?
6
Let n(b) be the first derivative of b**3/3 + 502*b + 58. What is the hundreds digit of n(0)?
5
Suppose -15 = 5*b, -16 = -5*u + 6*b - 4*b. Let h(y) = 3*y**2 - 7*y + 1. Let t(f) = f**2 - 1. Let k(m) = -h(m) + 2*t(m). What is the units digit of k(u)?
7
Let b be 3*2/9*3. Suppose 3*p + 647 = -3*a + 4*a, -b*a + 3*p = -1288. What is the units digit of a?
1
Suppose -151*s + 1471858 + 1992988 = 0. What is the ten thousands digit of s?
2
Suppose -39 = 8*w + 385. Suppose 0*u + 3*u = 0, 400 = -5*g - 3*u. Let i = w - g. What is the tens digit of i?
2
Let v(r) = -r**2 + 14*r + 21. Let d(m) = -13*m - 1. Let s(l) = 14*l + 1. Let t(c) = 6*d(c) + 5*s(c). Let q be t(-2). What is the units digit of v(q)?
6
Let b = -2320 - -1551. Let l = b - -1112. What is the tens digit of l?
4
Suppose 0 = u + 981 + 945. What is the hundreds digit of (-32)/24*u/4?
6
Suppose 2*d + 3*p - 715 = 2*p, -703 = -2*d - 5*p. Let c be (-6)/(-10) - 244/(-10). Suppose -5*q - c = 0, -3*q - d = b - 5*b. What is the tens digit of b?
8
Let o(d) = d**3 - 21*d**2 - 22*d + 2. Let l be o(22). Suppose -3*f = l*b - 2*f - 1226, -b + 613 = -f. What is the units digit of b?
3
Let p = 59 + -52. Suppose -75 = -p*x - 313. Let j = x - -55. What is the tens digit of j?
2
Let z(u) = 27*u**2 + 11*u - 38. Let i be z(3). Suppose 4*g = 2*x + 456, 2*g - 2*x - i = -6*x. What is the units digit of g?
5
Let m = -36 - -44. Suppose -11 = t - m. What is the tens digit of t/((-3)/(-26))*(6 - 8)?
5
Let n(s) = 341*s - 51. Suppose -11*t + 14 = -19. What is the hundreds digit of n(t)?
9
Let b(s) = 26*s + 34. Let t be b(-5). Let x be (-2)/(-12) + (-4)/t*-4. Suppose x = h + 4*h - 230. What is the tens digit of h?
4
Let x = -295 - -362. Suppose -83*n + x*n + 9744 = 0. What is the hundreds digit of n?
6
Let l(s) = -s + 16. Let d be l(-6). Let f be 12536/d + 6/33. Suppose -f = -5*p - 85. What is the tens digit of p?
9
Suppose -2*r - 4*o + 80391 + 50303 = 0, -4*r = -3*o - 261377. What is the thousands digit of r?
5
Let f = -41 - -83. Suppose 0 = -f*t + 43*t - 2. Let w(y) = 21*y**3 - y**2 + 4*y - 4. What is the hundreds digit of w(t)?
1
Suppose -9*t + 4*v + 18 = -8*t, 4*v - 42 = -5*t. What is the thousands digit of (0/t - (2 + -6)) + 1078?
1
Let b be (4/(-10))/((-14)/(-630)*9). What is the thousands digit of 13533/(-26)*b*1?
1
Let f = 17 - -84. Sup